 is the tens digit of 1067?
6
What is the hundreds digit of 53321?
3
What is the thousands digit of 147677?
7
What is the thousands digit of 24100?
4
What is the tens digit of 11?
1
What is the tens digit of 387?
8
What is the thousands digit of 8956?
8
What is the tens digit of 482?
8
What is the hundreds digit of 90905?
9
What is the units digit of 7767?
7
What is the hundreds digit of 17655?
6
What is the thousands digit of 1396?
1
What is the hundreds digit of 5916?
9
What is the hundreds digit of 145012?
0
What is the tens digit of 60565?
6
What is the hundreds digit of 5848?
8
What is the hundreds digit of 4009?
0
What is the hundreds digit of 2640?
6
What is the thousands digit of 1978?
1
What is the tens digit of 3272?
7
What is the hundreds digit of 1815?
8
What is the tens digit of 10?
1
What is the tens digit of 5577?
7
What is the units digit of 120?
0
What is the tens digit of 132565?
6
What is the units digit of 62251?
1
What is the hundreds digit of 595?
5
What is the hundreds digit of 84047?
0
What is the units digit of 815?
5
What is the hundreds digit of 113?
1
What is the hundreds digit of 4250?
2
What is the tens digit of 8593?
9
What is the units digit of 11966?
6
What is the units digit of 43514?
4
What is the units digit of 442?
2
What is the units digit of 13622?
2
What is the hundreds digit of 795?
7
What is the hundreds digit of 58601?
6
What is the ten thousands digit of 11415?
1
What is the hundreds digit of 7296?
2
What is the units digit of 1109?
9
What is the hundreds digit of 865?
8
What is the units digit of 134022?
2
What is the thousands digit of 59278?
9
What is the hundreds digit of 14385?
3
What is the units digit of 53847?
7
What is the units digit of 1217?
7
What is the units digit of 7331?
1
What is the tens digit of 100288?
8
What is the units digit of 661?
1
What is the hundreds digit of 1925?
9
What is the units digit of 10481?
1
What is the ten thousands digit of 33098?
3
What is the ten thousands digit of 20310?
2
What is the hundreds digit of 645?
6
What is the hundreds digit of 1632?
6
What is the hundreds digit of 320?
3
What is the hundreds digit of 1393?
3
What is the tens digit of 88050?
5
What is the units digit of 2192?
2
What is the units digit of 17927?
7
What is the hundreds digit of 84991?
9
What is the units digit of 2409?
9
What is the ten thousands digit of 110334?
1
What is the tens digit of 4799?
9
What is the thousands digit of 10048?
0
What is the tens digit of 729?
2
What is the units digit of 376?
6
What is the ten thousands digit of 36958?
3
What is the tens digit of 8262?
6
What is the ten thousands digit of 24933?
2
What is the units digit of 2804?
4
What is the hundreds digit of 214?
2
What is the tens digit of 37615?
1
What is the thousands digit of 8643?
8
What is the units digit of 180?
0
What is the units digit of 48166?
6
What is the hundreds digit of 6040?
0
What is the thousands digit of 3695?
3
What is the thousands digit of 14181?
4
What is the units digit of 32558?
8
What is the units digit of 759?
9
What is the ten thousands digit of 85908?
8
What is the tens digit of 9918?
1
What is the units digit of 12333?
3
What is the hundreds digit of 8131?
1
What is the units digit of 2754?
4
What is the units digit of 18868?
8
What is the tens digit of 1235?
3
What is the thousands digit of 12824?
2
What is the units digit of 2430?
0
What is the ten thousands digit of 57135?
5
What is the tens digit of 9684?
8
What is the thousands digit of 1148?
1
What is the tens digit of 873?
7
What is the ten thousands digit of 10233?
1
What is the tens digit of 1101?
0
What is the thousands digit of 1049?
1
What is the tens digit of 33627?
2
What is the thousands digit of 2015?
2
What is the thousands digit of 2002?
2
What is the thousands digit of 5672?
5
What is the hundreds digit of 905?
9
What is the tens digit of 1415?
1
What is the tens digit of 1266?
6
What is the ten thousands digit of 24098?
2
What is the hundreds digit of 372?
3
What is the units digit of 3479?
9
What is the tens digit of 9850?
5
What is the units digit of 3352?
2
What is the tens digit of 30639?
3
What is the tens digit of 22865?
6
What is the hundreds digit of 127?
1
What is the units digit of 200?
0
What is the units digit of 7760?
0
What is the tens digit of 4407?
0
What is the thousands digit of 6963?
6
What is the hundreds digit of 704?
7
What is the thousands digit of 60459?
0
What is the thousands digit of 8486?
8
What is the tens digit of 71?
7
What is the units digit of 934?
4
What is the hundreds digit of 78305?
3
What is the hundreds digit of 84098?
0
What is the units digit of 834?
4
What is the units digit of 323?
3
What is the tens digit of 15407?
0
What is the thousands digit of 64526?
4
What is the thousands digit of 39889?
9
What is the units digit of 1344?
4
What is the hundreds digit of 36334?
3
What is the units digit of 592?
2
What is the units digit of 78375?
5
What is the tens digit of 59835?
3
What is the units digit of 385?
5
What is the units digit of 1778?
8
What is the tens digit of 2048?
4
What is the hundreds digit of 5523?
5
What is the thousands digit of 19116?
9
What is the hundreds digit of 99322?
3
What is the tens digit of 24002?
0
What is the tens digit of 276?
7
What is the tens digit of 40623?
2
What is the units digit of 5953?
3
What is the hundreds digit of 5595?
5
What is the tens digit of 4284?
8
What is the hundreds digit of 152?
1
What is the hundreds digit of 16427?
4
What is the hundreds digit of 3274?
2
What is the tens digit of 12962?
6
What is the units digit of 124?
4
What is the tens digit of 9770?
7
What is the thousands digit of 1585?
1
What is the units digit of 111?
1
What is the thousands digit of 6906?
6
What is the units digit of 7780?
0
What is the ten thousands digit of 29874?
2
What is the tens digit of 64?
6
What is the hundreds digit of 5678?
6
What is the hundreds digit of 12265?
2
What is the hundreds digit of 573?
5
What is the tens digit of 58536?
3
What is the units digit of 48335?
5
What is the units digit of 914?
4
What is the thousands digit of 3619?
3
What is the units digit of 3069?
9
What is the thousands digit of 99761?
9
What is the tens digit of 74214?
1
What is the thousands digit of 2324?
2
What is the thousands digit of 2508?
2
What is the units digit of 25175?
5
What is the units digit of 1206?
6
What is the hundreds digit of 7718?
7
What is the units digit of 22407?
7
What is the thousands digit of 39186?
9
What is the hundreds digit of 5637?
6
What is the units digit of 11945?
5
What is the thousands digit of 3467?
3
What is the thousands digit of 41688?
1
What is the units digit of 22224?
4
What is the tens digit of 28876?
7
What is the hundreds digit of 4563?
5
What is the units digit of 16495?
5
What is the units digit of 60961?
1
What is the thousands digit of 34656?
4
What is the units digit of 7540?
0
What is the units digit of 860?
0
What is the tens digit of 23259?
5
What is the thousands digit of 1088?
1
What is the tens digit of 383?
8
What is the hundreds digit of 5926?
9
What is the thousands digit of 24897?
4
What is the thousands digit of 8526?
8
What is the units digit of 127455?
5
What is the ten thousands digit of 13704?
1
What is the hundreds digit of 5527?
5
What is the hundreds digit of 1083?
0
What is the hundreds digit of 164973?
9
What is the units digit of 112184?
4
What is the tens digit of 5416?
1
What is the thousands digit of 114174?
4
What is the units digit of 390?
0
What is the tens digit of 71?
7
What is the units digit of 2115?
5
What is the hundreds digit of 889?
8
What is the tens digit of 8351?
5
What is the hundreds digit of 2545?
5
What is the tens digit of 5067?
6
What is the thousands digit of 1049?
1
What is the tens digit of 1563?
6
What is the thousands digit of 14183?
4
What is the hundreds digit of 922?
9
What is the hundreds digit of 95583?
5
What is the hundreds digit of 106?
1
What is the hundreds digit of 901?
9
What is the units digit of 2453?
3
What is the units digit of 1033?
3
What is the tens digit of 686?
8
What is the thousands digit of 28493?
8
What is the hundreds digit of 31324?
3
What is the tens digit of 683?
8
What is the hundreds digit of 4962?
9
What is th